 - 10*f - 12*f**2 - 19*f**2 + 8. Determine c(8).
-8
Let a(g) be the first derivative of 13*g**2/2 + 2*g - 27. Let r(i) = 13*i + 3. Let c(l) = -5*a(l) + 4*r(l). Determine c(2).
-24
Let w(n) = -n**2 + 8*n + 43. Let r be w(11). Let c(v) = -v**2 + 8*v + 20. What is c(r)?
0
Let q(t) be the first derivative of t**4/4 + 2*t**3 + 2*t**2 - 71. What is q(-6)?
-24
Suppose 0 = 3*x - 5*u + 215, -5*x - 379 = 3*u - u. Let i = -76 - x. Let a(m) = m**2 - m - 1. What is a(i)?
1
Let z(k) be the first derivative of -k**2/2 - 10*k + 174. What is z(-6)?
-4
Let h be (35 - 12) + 0 + 0. Let r = -21 + h. Let j(t) = t**2 - 2. Calculate j(r).
2
Let p = -5 + 0. Let b(o) be the third derivative of -o**7/5040 - o**6/60 - o**5/12 + 9*o**2. Let z(q) be the third derivative of b(q). Determine z(p).
-7
Suppose 4*v - 37 = i + 70, -i - 109 = -5*v. Let u = i + 103. Let j(s) = 0*s**2 - 2*s**2 + 0*s + 4 + 5*s. Give j(u).
-8
Let f(s) = 2*s**3 + 21*s**2 - 25*s + 21. Let y(b) = -b**3 - 10*b**2 + 12*b - 10. Let v(l) = -3*f(l) - 7*y(l). Suppose -9*r - 8 = -8*r. Determine v(r).
15
Let h(a) = -a**3 + 2*a**3 - 17 - a - 5*a**3 + 5*a**3 - 3 + 15*a**2. What is h(-15)?
-5
Let r(x) = -x**3 - 10*x**2 + 40*x + 11. Let n be r(-13). Let m(f) = 2*f - 4. Let i(k) = -k + 1. Let y(j) = 3*i(j) + m(j). Calculate y(n).
1
Suppose 0 = -2*i + 5 + 1. Let n(d) = 3 - d**3 - 7*d**2 + 0 - 5*d + i. Suppose 0 = -o - 2*a - 8, 23*o - 25*o - 5*a = 17. Give n(o).
0
Let z(r) = r**2 - 6*r - 3. Let n(k) = -14*k - 161. Let y be n(-12). Give z(y).
4
Let x(z) be the third derivative of z**8/10080 + z**7/1008 + z**6/144 + z**5/30 - z**2. Let w(m) be the third derivative of x(m). What is w(-4)?
17
Let a(o) = o**2 + 5*o - 4. Let z(d) = d**3 - 3*d**2 - 2*d + 3. Let r be z(3). Let s be 0 - r - 42/(-14). Let w be (-2)/(-3) - 40/s. Give a(w).
2
Let h be (12 + 9)*1/(2 + 1). Suppose -h*j - 8 = -5*j. Let b(x) = x**3 + 3*x**2 + x + 5. Give b(j).
-15
Suppose -9 - 5 = -7*j. Let f be j*(-1)/(-2) - 3. Let x(w) = -3 - 12*w - w + 11*w. Determine x(f).
1
Let g(b) = -6*b + 13. Let w be g(0). Let z(c) = -c**2 + 15*c - 21. Calculate z(w).
5
Let h(l) = -4*l**3 - 12*l**2 + 9*l - 10. Let c(o) = 5*o**3 + 14*o**2 - 9*o + 11. Let z(q) = 3*c(q) + 4*h(q). What is z(-8)?
49
Suppose 15 = -3*c, 3*m + 4 - 28 = 3*c. Suppose m*z = -13 + 1. Let u(g) = -g**3 - 5*g**2 - 5*g - 6. Calculate u(z).
-2
Let l be (-93)/(-62) - (-3 + (-39)/(-6)). Let n(p) = -5*p - 6. Calculate n(l).
4
Let i(f) = f**2 - f + 4. Let q = -265 - -259. What is i(q)?
46
Let c(j) = -11 - 170*j + 45*j + 40*j + 37*j + 42*j. Determine c(-9).
43
Suppose 2*g + 12 = -4*g. Let c(a) = -a**2. Let k(i) = -6*i**2 - 3*i - 2. Let r(j) = 4*c(j) - k(j). Give r(g).
4
Let d(a) = a**2 - 14*a - 12. Let r = -37 + 51. What is d(r)?
-12
Suppose 4*c + 6*c = 20. Let m(r) = r**2 - 2*r - 1. Let g(k) = k**2 - 2*k - 2. Let x(s) = c*g(s) - 3*m(s). Calculate x(3).
-4
Let j(d) = 3*d**2 + 7*d - 20. Let m be j(6). Let f be 3/2 - 0 - (-65)/m. Let i(v) be the first derivative of v**4/4 + v**2/2 - 2*v - 1. Determine i(f).
8
Let t(i) = 3*i + 1. Suppose 3*c - d + 81 = 0, 137 = -0*c - 5*c + d. Let r = 27 + c. Determine t(r).
-2
Suppose -2*q + 4*q = -w - 14, 5*w + 18 = 3*q. Let j = w + 8. Let x(a) = -4*a + 1. Calculate x(j).
-7
Let g be (-1)/(44/12 + -4). Let p(d) = -1 + 3*d**2 + 4*d - 5*d**2 + d**3 - g*d. What is p(3)?
11
Let v be (-2)/(-6)*1*3. Let w(y) = y - 1. Let t be w(v). Suppose t = -n - n - 4. Let p(r) = r**3 + r**2 - 1. What is p(n)?
-5
Let f = 274 + -264. Let y(o) = o**3 - 11*o**2 + 12*o - 13. Determine y(f).
7
Let j be 18/45 + (-22)/5. Let t be 9/(j - -1) + 0. Let x(m) = m**3 + 4*m**2 - 3. Give x(t).
6
Let v be (-144)/21 + 7 + (-87)/21. Let q(h) = h**2 + 2*h + 3. Determine q(v).
11
Let d(m) = -m**3 - 6*m**2 - 7*m + 4. Let j = 980 + -984. What is d(j)?
0
Let h(k) be the second derivative of 0 + 11/6*k**3 + 1/2*k**2 - 14*k. What is h(-1)?
-10
Suppose -21 = -3*p + 2*p - 3*b, 0 = 5*b - 25. Let j(d) be the third derivative of 0 + 0*d - 3/2*d**3 + 1/12*d**5 + 1/4*d**4 - 1/120*d**6 + 23*d**2. Give j(p).
-9
Let j(y) = -y**3 - 3*y**2 + 22*y - 18. Let t be j(3). Let x(n) = n + 6. Give x(t).
0
Let v(a) be the first derivative of 9*a**2/2 + a - 7. Let w(p) = 1. Let l(s) = v(s) + w(s). Calculate l(2).
20
Let a(d) = -d + 2. Let n(i) = 2*i**3 - 4*i**2 + 5*i - 1. Let u be n(2). Let s be ((-33)/u + 2)*-18. Let b = -24 + s. Calculate a(b).
-4
Let x(d) = 2*d**2 + 6*d + 3. Let g(s) = -3*s - 7. Let m be g(-9). Suppose 2 = u + u, -4*z + 4*u - m = 0. What is x(z)?
11
Let n(r) = r**3 - 12*r**2 + 12*r - 14. Let a be n(11). Let u(w) = -3*w - 3. Determine u(a).
6
Let b(p) = -6*p - 5. Let k = -2812 + 2805. Give b(k).
37
Let v(k) = 4*k + 0 + k**2 + 1 + 0*k**2. Suppose -x = -m + 8, -18 = 3*x - 4*m + 9. Determine v(x).
6
Let d(f) be the second derivative of -f**5/20 - 13*f**4/12 + 7*f**3/3 + 3*f**2 + f + 1. Give d(-14).
6
Let r(l) be the second derivative of 0*l**2 + 7/12*l**4 + 0 + 3*l - 1/60*l**5 + 1/360*l**6 + 0*l**3. Let i(d) be the third derivative of r(d). Give i(4).
6
Let z(v) be the first derivative of v**2/2 - 6*v - 1. Let s = 323 - 315. Determine z(s).
2
Let m(o) = -5*o - 2. Let z be m(-1). Let r = 1 + -1. Suppose -3*t - 5*l = -r*t + 2, -z*t + 4 = -l. Let u(q) = 5*q**3 + q**2 - q. Calculate u(t).
5
Let d be 1*-3 - (-1 + -5). Let a(f) = -f**3 + d - 9*f + 5*f - 10 - 5*f - 8*f**2. Calculate a(-7).
7
Let y(p) = -3*p. Suppose -h + 2*h + 4*b = 5, -3*h - 49 = -4*b. Let q = h + 16. Let r(m) = -m**2 + 4*m + 6. Let s be r(q). Calculate y(s).
-3
Let k = -213 - -203. Let o(g) = -g**3 - 11*g**2 - 9*g - 6. Calculate o(k).
-16
Let y(q) = -q**3 - 6*q**2 - 6*q - 3. Let b be y(-5). Let o be 1/b + (-7)/14. Let h(n) = n - 2*n - 5 + o + 1. Determine h(-4).
0
Let y(z) = z**2. Let r(a) = 16*a**2 - a. Let n(k) = 2*r(k) - 18*y(k). Let j be n(-2). Let c be ((-72)/j)/((-4)/(-10)). Let p(l) = -2*l + 1. Calculate p(c).
7
Let u(h) = 2*h + h**3 - 10 + 10*h**2 + 7 - 3*h**2 - 2*h**2. Calculate u(-3).
9
Suppose 3*m - 24 = a, 11 - 65 = 4*a + 2*m. Let d = -17 - a. Let k(x) = x**2 + 2. Calculate k(d).
6
Let k(f) = -f**3 - 2*f**2 - 6*f - 7. Let n = -291 + 288. What is k(n)?
20
Let w(u) be the second derivative of u**2 + 10*u. Let b(l) = -l + 1. Let i(q) = b(q) - w(q). Determine i(4).
-5
Let v = 24 + -17. Let k(q) = -2 - 9 + q**2 + v - q. Calculate k(3).
2
Let g(t) = 3*t**3 + 6*t**2 + 2*t - 5. Let q(s) = 0*s + 1 - 3*s + 0 + 2*s + s**3. Let a(y) = g(y) - 2*q(y). Determine a(-5).
-2
Let k(l) = -l - 2. Suppose 9*m - 150 = -16*m. What is k(m)?
-8
Let t(n) = n**2 + 6*n - 2. Suppose x - s + 5 = 0, -3*x = 4*s + 21 + 8. Calculate t(x).
5
Let q(y) be the second derivative of y**4/12 - y**3 + y**2/2 - 5*y - 7. Determine q(7).
8
Suppose 0 = 5*h + 2*m - 34, 0 = -3*h + h + m + 10. Let n = -10 + h. Let u(x) = x + 2*x - 2*x + 4 - 5. Calculate u(n).
-5
Let n(q) = q**3 + 9*q**2 - q - 3. Suppose 3*m = 3*a - 20 + 2, 5*m - 2*a = -39. Give n(m).
6
Let m = 316 + -160. Let u(f) = 160*f - m*f + 1 + 2*f**2 - 2 - 3*f**2. Determine u(3).
2
Let o(n) be the third derivative of -n**6/360 - n**5/120 + n**4/8 + 3*n**3 - 11*n**2. Let c(d) be the first derivative of o(d). Calculate c(0).
3
Let w(a) be the first derivative of a**2/2 - 2*a - 190. Give w(5).
3
Let y(k) = -37*k - 4 + 34*k + 0 + 5. Let r be (3/(-2))/(6/(-4)). What is y(r)?
-2
Let f be (8/(-6))/(2/(-6)). Let i(b) = b**3 + 7*b**2 + 5*b - 4. Let c be i(-6). Let g(u) = -u**3 + 4*u**c + 41 - 3*u - 13 - 22. Determine g(f).
-6
Let a = 35 - 32. Let d be (-3 + 42/9)*a. Let w(l) = 3*l + 1. Determine w(d).
16
Let o be (-9)/4*(-8)/3. Let x(j) = o*j + 3 - 6 + 4*j - 6*j. Suppose 0 = -f - 3*f + 8. Calculate x(f).
5
Suppose -41 + 56 = 4*q - 5*s, 0 = -3*q - 5*s + 20. Let y(a) = a**3 + 2*a**2 - a - 1. Let k be y(-2). Let v(z) = k - 10 + q - z. Calculate v(-7).
3
Let c(s) = -s**3 + 6*s**2 + 6*s + 6. Let p be (-114)/(-4) - 4/8. Suppose -2*m - p = -6*m. Let u be c(m). Let r(i) = -i**2 + 2*i + 1. What is r(u)?
-2
Let h(c) = -c**3 + 22*c**2 + 17*c + 131. Let k be h(23). Let d(o) = o**2 + 8*o - 10. What is d(k)?
-17
Let u = -89 - -93. Suppose 4*o = 4*t - t - u, 1 = -t - o. Let j(n) be the second derivative of -n**5/20 - 2*n**2 - 2*n. Determine j(t).
-4
Let h(o) = -2*o + 1. Let g be (6/(-9))/(4/6). Let a be h(g). Let u(i) = -i**2 - 4*i + 2*i + 2*i. Determine u(a).
-9
Let b